u(d) = 2*d**2 - 5*d - 7. Let o be u(5). Let j = o - 13. Suppose -5*r - 28 + 83 = j*b, r - b = 3. Calculate the remainder when 11 is divided by r.
4
Let h = 2 - -1. Suppose z - 22 = -4*b - h, -4*z - 3*b + 102 = 0. Calculate the remainder when z is divided by 15.
12
Suppose 0*b = -o - b + 9, -5*b = -25. Suppose 84 = -5*q + 69, -5*l = -5*q - 30. What is the remainder when o is divided by l?
1
Suppose 7*x - 115 = 270. Suppose -5*j = -x - 130. Suppose 0 = 2*d - 3*d + 13. Calculate the remainder when j is divided by d.
11
Suppose 2*b + 51 = 331. What is the remainder when b is divided by 11?
8
Calculate the remainder when 422/6 - (110/(-33))/5 is divided by 19.
14
Calculate the remainder when ((18/12)/(3/(-366)))/(-1) is divided by 58.
9
Let c(f) = -f**2 - 11*f - 3. Suppose 0 = 3*p + 2*n - 16, 4*p + 2 = -2*n + 4*n. Suppose 4*t + p + 30 = 0. Calculate the remainder when c(t) is divided by 11.
10
Suppose 0 = -2*b - 5*b + 14. Suppose -222 = -b*z - 2*l, -4*z - 3*l = -3*z - 109. What is the remainder when z is divided by 19?
17
Let m(z) = z + 55. Let i(d) = -d**3 + 8*d**2 + 10*d - 9. Let a be i(9). Suppose 0 = -a*k - 2*k. What is the remainder when m(k) is divided by 14?
13
Let q(x) = -x**2 + 8*x - 2. Let f be q(10). Let m = 37 + f. What is the remainder when 27 is divided by m?
12
Let p(r) = -r**2 - 15*r - 2. Let a be p(-14). Suppose 7*c = a*c - 70. Let l = 12 + -8. Calculate the remainder when c is divided by l.
2
Suppose -t + 40 = -2*t. Let w = -10 - t. What is the remainder when 119 is divided by w?
29
Let l = -870 - -902. Calculate the remainder when l is divided by 24.
8
Suppose -p + 49 = 4*a, 4*p = -4*a - p + 53. Suppose 252 = -2*c + 5*c. Suppose 3*u + 15 = c. What is the remainder when u is divided by a?
11
Let j(y) = -y**3 + 10*y**2 - 9*y + 4. Let s be j(9). Suppose 0 = s*m - 2*m + 960. Calculate the remainder when m/(-50) + 4/10 is divided by 6.
4
Suppose 3*j = 7*j - 284. Suppose z + 4*x = 19, z - 5*x + j = 4*z. Calculate the remainder when z is divided by 11.
5
Suppose m - 33 = -9. Suppose 2*s - 61 = -h, 4*s - 35 - 67 = 2*h. Let g = s + -19. Calculate the remainder when m is divided by g.
6
Let j = -5 + 57. Let l = -11 - -41. Let w = j - l. What is the remainder when 63 is divided by w?
19
Suppose 121 = 5*o - 4*r, -2*o = -0*o - 2*r - 48. What is the remainder when 76 is divided by o?
1
Suppose b + 2*b = 3. Let o(x) = 28*x. Calculate the remainder when o(b) is divided by 15.
13
Suppose 0 = -5*g - 2*f + 1023, -243 + 1270 = 5*g + 3*f. What is the remainder when g is divided by 42?
35
Let o = -64 - -64. Suppose t = 4*x + 4*t - 357, o = -3*t - 3. What is the remainder when x is divided by 2/(-3 - 71/(-23))?
21
Let k(a) = 2*a**2 + 27*a - 16. What is the remainder when 112 is divided by k(-15)?
25
Let z = -169 - -179. Calculate the remainder when 538 is divided by z.
8
Suppose 3*h = -h + 16. Suppose 3 = -3*p + 9. Calculate the remainder when (1 - p)/(6/(-54)) is divided by h.
1
Let g(l) = -l**2 - 7*l**3 + 18*l**3 + 4*l**3. Let y = 1 + 39. What is the remainder when y is divided by g(1)?
12
Suppose -18*z + 282 + 510 = 0. Suppose -3*r + 22 = 1. What is the remainder when 1/(0 - ((-20)/z)/5) is divided by r?
4
Let n = -27 + 31. Let f(w) = w**2 - 5*w + 3. Let y be f(3). Let m = n - y. What is the remainder when 19 is divided by m?
5
Suppose 3*k - 2*u = 211, 144 = 2*k - u + 3*u. Let v = -103 - -57. Let n = v - -64. What is the remainder when k is divided by n?
17
Let k = -1308 - -2527. Calculate the remainder when k is divided by 33.
31
Let s(a) = a**2 - 5*a - 8. Let o be s(6). Let u be (-14)/((-4)/(0 - o)). Let r = 41 - u. What is the remainder when r is divided by 18?
16
Let c = 54 - 61. Let u = 1 + 0. What is the remainder when u is divided by (c/28)/((-2)/8)?
0
Suppose -5*v + 213 = 4*z, z - 100 = -z + 4*v. Suppose -39*i + 57 = -36*i. What is the remainder when z is divided by i?
14
Suppose 0 = -5*o + 15, 3*m + 7*o = 10*o + 51. What is the remainder when 69 is divided by m?
9
Calculate the remainder when (-120)/1260 + (-1138)/(-42) is divided by 14.
13
Suppose 27*q + 235 = 2665. What is the remainder when q is divided by 6?
0
What is the remainder when ((-3840)/(-336))/(1/7) is divided by 8?
0
Let p = -30 - -31. Calculate the remainder when 83 is divided by (0 - p) + 0 + 18.
15
Let t be 1 - (-3 - -4 - 13). Let u = t + -4. Suppose 0 = -5*a - 2*k + 175, 175 = 5*a + 4*k - 3*k. Calculate the remainder when a is divided by u.
8
Let s(t) = 4*t**2 + t - 84. What is the remainder when s(12) is divided by 39?
36
Let z(h) = h**2 + 15*h - 32. Suppose 19 - 2 = -y. What is the remainder when 3 is divided by z(y)?
1
Suppose -27*y = 2*y - 145. Calculate the remainder when 416 is divided by y.
1
Calculate the remainder when (-18)/(-6) - (-5 - 630) is divided by 40.
38
Suppose 0 = 2*x - 7*x + 10. What is the remainder when 7*(0 - (-1)/1) is divided by x?
1
Suppose 5*d = -b + 8, 4*d - 2*d + 8 = 0. What is the remainder when (-2 + 272/b)*7 is divided by 14?
12
Let c = 681 + -23. Calculate the remainder when c is divided by 6.
4
Let i = -113 + 125. Suppose 4*j = 154 - 22. What is the remainder when j is divided by i?
9
Suppose 0 = 4*a + a - 1265. Suppose -a - 311 = -3*w. Calculate the remainder when w is divided by 48.
44
Let j = 1422 + -592. Calculate the remainder when j is divided by 49.
46
Let i = 37 + -1. Let g(q) = -3*q - 5. What is the remainder when i is divided by g(-8)?
17
Let v(c) = 2 + 0 - 1 - 5*c**3 + 1. Calculate the remainder when v(-2) is divided by 12.
6
Suppose 3*a = -5*l + 19, 0 = 3*a - 2*l + l - 7. Let r = 91 - 55. Suppose -3*j - o + 34 = 2, 0 = 4*j + a*o - r. What is the remainder when 34 is divided by j?
10
Let j = 78 + -75. Let s(k) = 2*k - 6. Let l be s(4). What is the remainder when (-234)/(-30) + l/10 is divided by j?
2
Suppose 445 = 5*b - 675. Suppose 3*y - b = y. Calculate the remainder when y - 1/1*1 is divided by 28.
27
Suppose -3*w + 19*w = 640. Let b(u) = u**3 - 8*u**2 - 5*u + 5. Calculate the remainder when b(10) is divided by w.
35
Calculate the remainder when (11 - 103)/(4/(-30)) is divided by 11.
8
Suppose i + 2*x = 42, -8*i + 2*x - 88 = -10*i. What is the remainder when 127 is divided by i?
35
Let c(f) = 15 - 2*f**3 + f**3 + 11 + 13*f - 12*f**2 - 10. What is the remainder when 41 is divided by c(-13)?
9
Let t = -2 + 6. Suppose -t*j + 81 = -3*j + 5*n, j + 4*n - 78 = 0. Calculate the remainder when j is divided by 14.
10
Let n(d) = -2*d**2 + 7*d + 11. Let c be n(9). Let s = -36 - c. Calculate the remainder when s is divided by 18.
16
Let i = 88 - 86. What is the remainder when 8 is divided by i?
0
Let w = 477 - 441. What is the remainder when 171 is divided by w?
27
Suppose -5*x - 4*t = -351, x - 2*t - 286 = -3*x. Let i = 24 - 6. Suppose r = -0 + i. What is the remainder when x is divided by r?
17
Suppose -4*r + 2*b + 69 = -3*b, 0 = 2*r + 2*b - 48. What is the remainder when -2*(1 + 1)*(-14396)/944 is divided by r?
19
Let x(s) = 4*s**3 - 7*s**2 - s - 8. Calculate the remainder when x(3) is divided by 15.
4
Suppose -a - 932 = -5*h, -4*h - 3*a + 2*a = -751. Suppose -h = -5*x + 33. Let o = 85 - x. Calculate the remainder when o is divided by 11.
8
Suppose -8*v + 184 = -152. Calculate the remainder when 1553 is divided by v.
41
Calculate the remainder when 169 is divided by (22/(-5))/(2/(-20)).
37
Suppose 0 = -76*l + 7777 - 861. Calculate the remainder when 226 is divided by l.
44
Suppose -180 = 9*s - 14*s. What is the remainder when s is divided by 19?
17
What is the remainder when 80 is divided by (-20 + 29)/((-1)/(-1))?
8
Let d(u) = -15*u - 3. Let q be 16*(21/(-12) - -1). Let c = q - -8. Calculate the remainder when d(c) is divided by 15.
12
Suppose -6*t + 21 = -27. What is the remainder when 31 is divided by (-102)/(-3)*4/t?
14
Let r be (0 - (-193 - -2))*1. Suppose -203*d + 15 = -198*d. Suppose r = 5*s - p, d*s - 109 = -p - 4*p. What is the remainder when s is divided by 10?
8
Let r be 5 - 645/(-10) - (-2)/(-4). Let j = -46 + r. Calculate the remainder when 39 is divided by j.
16
Suppose t = 26 + 17. Let g = t - 30. Calculate the remainder when g is divided by 5.
3
Suppose 0 = 5*h - 2*u - 49 - 62, 2*u - 96 = -4*h. Calculate the remainder when 459 is divided by h.
22
Let l = -222 - -984. What is the remainder when l is divided by 51?